et k = o + 8. What are the prime factors of k?
7
Let p(s) = 3*s**2 - 2*s + 7. List the prime factors of p(3).
2, 7
Let l = -27 + 46. Suppose -5*m = -0*m - 40. Let q = l - m. List the prime factors of q.
11
Let c(h) be the first derivative of 3/2*h**2 + 1 + 2*h. List the prime factors of c(3).
11
List the prime factors of ((-2)/3)/(2/(-9)).
3
List the prime factors of 27 + (-2 - (-9 - -4)).
2, 3, 5
List the prime factors of 4/3 - 295/(-15).
3, 7
Let l(o) = -o**2 + 7*o + 9. Let h = -81 + 58. Let f = -16 - h. What are the prime factors of l(f)?
3
Suppose 2*m - 19 = 13. Suppose 0 = 5*c + 1 - m. What are the prime factors of (-8)/(-2) + c + -5?
2
Let o(d) = -d**3 - 4*d**2 - 7*d + 1. What are the prime factors of o(-6)?
5, 23
Suppose 0 = 8*o - 3*o - 340. Suppose 0 = 3*z - o + 17. List the prime factors of z.
17
Let s(y) = y. Let h be s(0). Let b = 3 + h. Suppose 0 = -b*j - 17 + 47. What are the prime factors of j?
2, 5
What are the prime factors of 2 + (156 - 0 - -4)?
2, 3
Let c(q) = -q**3 - 8*q**2 - 5*q + 5. Let v be c(-7). Let n = 13 + v. What are the prime factors of n?
2
Let u be 21/14*(-10)/(-3). Let q(x) = -4 + x**2 + 1 - 4*x + 0*x**2. What are the prime factors of q(u)?
2
List the prime factors of (-130)/(-7) - (48/28)/(-4).
19
Let t(l) = l**2 + 6*l - 5. Let y be t(-6). What are the prime factors of ((-276)/(-30))/((-1)/y)?
2, 23
Let c(z) = -2*z + 16. What are the prime factors of c(-23)?
2, 31
Let k be 2/((-3)/15*-2). Let q(w) = -w**3 + w + 95. Let g be q(0). Suppose 3*a = -6, -2*a - 3*a = -k*x + g. List the prime factors of x.
17
Let v(m) = m**2 + 9*m + 4. Let o be v(-12). Suppose -3*i - 50 = -5*t, 0 = -7*t + 3*t - 4*i + o. List the prime factors of t.
2, 5
Suppose -4*y + 0 = 4, -4*y = -x + 1. What are the prime factors of 15 + (0 - 3 - x)?
3, 5
Let q(g) = 3*g**2 + 9*g - 3*g**2 - 3 - g**2. List the prime factors of q(5).
17
Let i(z) = z**3 - 2*z**2 - 2*z + 3. Suppose -4*g + 8 = -4*k, 4*k = -0*k + 2*g. Let l be i(k). List the prime factors of 3*l*(-10)/3.
2, 5
Suppose -22 + 622 = 4*u. List the prime factors of u.
2, 3, 5
Let a(r) = -4*r. Let x(i) = -i**3 - 6*i**2 - 4*i - 4. Let y be x(-5). List the prime factors of a(y).
2, 3
Let t(x) = 0*x - 4*x + x**2 + 3*x. List the prime factors of t(-4).
2, 5
What are the prime factors of 10/(-20)*(-31 - 1)?
2
Suppose -63 = b + 2*b. Let v = -29 - b. Let q = v - -18. List the prime factors of q.
2, 5
Let d(i) = -4*i + i**3 + 2 - 2*i**2 + i**2 - 3. Suppose -32 = -4*y - 4*g, -3*y + 13 + 1 = g. What are the prime factors of d(y)?
5
List the prime factors of -1*(13 - 10 - (1 - -107)).
3, 5, 7
Let h(t) = -t**2. Let a(p) = 4*p**2 - p + 1. Let y(k) = a(k) + 3*h(k). What are the prime factors of y(3)?
7
Let i = -2 - -3. Suppose 0 = 15*g - 10*g. What are the prime factors of 2*1*(i + g)?
2
Let l(k) = -k + 14. Let v be l(9). Suppose -v*n + 12 = -3*n. List the prime factors of n.
2, 3
Let g = -31 - -104. What are the prime factors of g?
73
Let a(w) = w**3 - 6*w**2 + 6*w + 4. Let t be a(6). Suppose 87 = 2*y + 3*y + b, -3*b + t = 2*y. List the prime factors of y.
17
Let k = 34 + 16. What are the prime factors of k?
2, 5
Suppose 0 = 10*v - 181 - 529. List the prime factors of v.
71
Let d be -1 + 2 - 13/(-1). Let a be d/(-21)*(-6)/4. Suppose a = -3*m + 4*x + 22, -2*x + 28 = 4*m. What are the prime factors of m?
7
Suppose -3*u = -77 - 199. What are the prime factors of u?
2, 23
Let c(y) = -4 + 6 - 1 - 3*y - y**2 + 3. Suppose -2*m = -0*m + 6. List the prime factors of c(m).
2
Let q(b) be the second derivative of b**4/6 - b**3/6 - 3*b**2 - 7*b. What are the prime factors of q(-5)?
7
Suppose 0*y - 2*y = -92. What are the prime factors of y?
2, 23
Suppose 2*c + c - 99 = 0. List the prime factors of c.
3, 11
Suppose 0 = 3*j - j. Suppose 3*r + 4*h = r + 40, -r - 3*h + 22 = j. What are the prime factors of r?
2
Let w be (2/(-4))/((-1)/10). Let t(s) = s**2 - w*s + 5*s - 2. What are the prime factors of t(2)?
2
Suppose 2*g - 55 = 5*v, 0 = 5*g - 0*g + 3*v - 122. Suppose 160 = 5*b - g. What are the prime factors of b?
37
Let a = -36 - -71. Let r = 19 - a. Let k = 26 + r. What are the prime factors of k?
2, 5
Let r be ((-2)/5)/((-2)/10). Suppose r*s = -3*o - 20, -2*s = -1 - 3. Let p(h) = h**3 + 7*h**2 - 10*h - 5. What are the prime factors of p(o)?
11
Suppose -2*z = 2, 2*z = -0*h + 4*h - 230. List the prime factors of h.
3, 19
Let m = -9 + -36. Let j = m + 77. List the prime factors of j/10*(1 - -4).
2
Let x = -1 - -5. Let z be 3*6*x/12. Let k = 8 - z. List the prime factors of k.
2
Let i(j) be the first derivative of -2*j**2 - 6*j - 3. What are the prime factors of i(-5)?
2, 7
Let w = 7 + -19. Let f be 3/(-2)*8/w. What are the prime factors of f/(3/(-27)*-1)?
3
Let d be 18/4 - (-1)/2. Let m = 7 - d. What are the prime factors of m?
2
Let r = 15 + 15. Suppose -5*v - r = 4*s - 84, -2*v = 2*s - 26. Let m = s + -6. List the prime factors of m.
5
Suppose 0 = 8*y - 3*y - 10. Suppose y*c = 2 + 6. Suppose 0 = c*i - 15 - 9. What are the prime factors of i?
2, 3
Suppose i - 2*k + 7*k - 68 = 0, 0 = -4*i + 3*k + 272. List the prime factors of i.
2, 17
Suppose -4*c = -4*z + 24, 2*c = -5*z + 4 + 19. Let f = -9 - -4. Let k = c - f. What are the prime factors of k?
2
Let x be ((-3)/(-1) - 46)*1. Let a = 2 - x. What are the prime factors of a?
3, 5
Let t(h) = 5*h**2 + 17*h - 19. What are the prime factors of t(-10)?
311
Suppose 24 - 127 = -w + 4*p, -3*p = 9. What are the prime factors of w?
7, 13
Let j = -35 + 53. Let m be (6/8)/((-1)/(-8)). Let h = j - m. List the prime factors of h.
2, 3
Let y = -20 + 26. What are the prime factors of y?
2, 3
Let k be -2 + (1 - 3) + 2. Let w = k - -4. Suppose -2*t - 3*v + w*v = -6, -3*t - 3*v = -12. List the prime factors of t.
2
Let m(h) = -h**2 - 25*h - 3. List the prime factors of m(-12).
3, 17
Suppose 5*y + 4*l = -160, -2*y + 4*l = -0*l + 64. Let v be (2/6)/(1/(-9)). What are the prime factors of (-24)/(-16)*y/v?
2
Let h(z) = -z + 3. Let n be h(5). Let c(o) = o**2 + 9*o - 23. Let m be c(-11). List the prime factors of (n - m - 0) + 17.
2
Suppose 0 = 3*q + 5*t - 10, -2*q + 3*t + 16 = -16. Let j = -7 + q. What are the prime factors of 2/3 - (-28)/j?
2, 5
Let n(z) = 3*z**2 + 3*z - 3. List the prime factors of n(6).
3, 41
Let t = -420 - -678. What are the prime factors of t?
2, 3, 43
Let f = -5 + 48. What are the prime factors of f?
43
Suppose 0 = -3*o - 34 + 370. What are the prime factors of o?
2, 7
Suppose 0 = -0*h + 2*h - 42. Suppose z - 11 = h. List the prime factors of z.
2
Let p be (-3)/(-6) - 2/4. Suppose p*x - 36 = -2*x. Suppose x = u + 2*u. What are the prime factors of u?
2, 3
Suppose 1 + 1 = -2*j + 4*r, 2*j - 5*r + 6 = 0. Let o = 49 - j. List the prime factors of o.
2, 3, 7
Suppose 5*n = 2*n + 69. What are the prime factors of n?
23
Suppose 0 = 5*w - 5*i - 115, 3*w + 0*i - 77 = -5*i. List the prime factors of (w + 9)*(-1)/(-1).
3, 11
Let n(j) be the second derivative of j**4/3 + j**3/6 + j**2/2 - 2*j. Let r be n(-1). Suppose -c + 10 = -r*i + 2*i, -c + 7 = -i. List the prime factors of c.
2
Let l(k) = 5*k - 5. Let b be l(5). Suppose -6*g + g = -b. Suppose 0 = -a - 2*a + g*u + 30, -4*a = u - 40. List the prime factors of a.
2, 5
Let v = 19 + -14. Suppose 0 = 3*t + t + 5*q - 69, -4*q = -v*t + 117. What are the prime factors of t?
3, 7
Let f(l) = -39*l + 19. List the prime factors of f(-6).
11, 23
Suppose -4 = 5*f - 14. Let q be ((-2)/(-3))/(1/(-6)). Let v = f - q. List the prime factors of v.
2, 3
Let i = -37 + 70. List the prime factors of i.
3, 11
Let p(n) be the third derivative of -n**6/120 - n**5/20 + n**4/4 - n**3 - 2*n**2. Let d be p(-5). Let u = 0 + d. What are the prime factors of u?
2, 7
List the prime factors of 4/(-14) - (-3686)/14*1.
263
Suppose 2*y = y. Let i(u) = 3*u**3 + 12 - 4*u + u**2 + y*u + 3*u - 2*u**3. What are the prime factors of i(0)?
2, 3
Let w(s) be the first derivative of s**3/3 + s**2/2 - 13*s + 1. Let i be w(0). Let t = i + 18. List the prime factors of t.
5
Suppose -2*d + 67 = 2*r + 3*d, r + d - 32 = 0. What are the prime factors of r?
31
Let g(b) = -2*b**2 - 6*b + 3. List the prime factors of g(-3).
3
Suppose h - 99 = 5. List the prime factors of h.
2, 13
Let i be (-2)/(-10) + (-152)/(-40). What are the prime factors of i/(-22) - 3184/(-88)?
2, 3
Let t(z) = -z + 122.